ime factors of l.
2, 3, 7, 59
Let q(r) = -6 - 2*r**3 + 2 + 5*r**3 - 2*r**2 + 15*r + 5. Let t be q(4). Suppose 0 = -6*p - t + 1301. What are the prime factors of p?
2, 3, 5
Let s(d) = d**3 + 26*d**2 + 84. Let q be s(-27). Let w = 164 - q. What are the prime factors of w?
809
Suppose 2*t + t + 4*o = -49, 5*o = t + 10. Let n be 6 + (3 + t)/3. Suppose -4*u + 248 = n*s, 4*u = -u + 2*s + 310. List the prime factors of u.
2, 31
Suppose -3*a = -15, 5*a + 8998 = 5*b + 1063. Let m = b - 1137. What are the prime factors of m?
5, 7, 13
Let s(f) be the first derivative of 15*f**2/2 - 14*f + 161. List the prime factors of s(18).
2
Suppose 0 = 2*c + 5 - 9. Let m(x) = -18 - 25 - 12*x**c + 7 - 10*x - x**3 - 3*x**2. What are the prime factors of m(-15)?
2, 3, 19
Suppose -2*a - 39 = -147. What are the prime factors of (181/(-2))/((-27)/a)?
181
List the prime factors of (-14)/((-56)/(-7018))*-1*4.
2, 11, 29
Let u(r) = -r**3 + 5*r**2 + 3*r - 13. Let m be u(5). Let j(l) = 9*l + 61. Let o be j(-6). Suppose -m*w + 38 = i, -w + i + o = -9. List the prime factors of w.
2, 3
Let z(s) = -s**2 - 8*s - 5. Suppose -12*l = 27 + 9. Let u(m) = -m**2 - 2*m - 3. Let d be u(l). List the prime factors of z(d).
7
Suppose 4 + 2 = 2*r. Let j(n) = n**3 - 5*n**2 - 2*n**r + n**2 + 0*n - 8*n - 3. What are the prime factors of j(-3)?
2, 3
Let w(f) = 3050*f**2 + 30*f + 59. List the prime factors of w(-2).
11, 1109
Let d be -396*2*4*(-5)/(-80). Let r = d - -392. What are the prime factors of r?
2, 97
Let f(l) = 7*l - 3. Let p be f(5). Suppose -2*g + 4 = -2*v, 24 = -4*v - g + 1. List the prime factors of p/(-8) - (v - 1).
2
Let i be -6 + 23/((-69)/(-360)). What are the prime factors of 4 + (-20628)/(-57) + 12/i?
2, 3, 61
Let u(q) = -2*q**3 - q**2 + 20*q + 19. Let f be u(-7). Let a = 1279 - f. What are the prime factors of a?
7, 109
Suppose 0*r = 7*r + 7. Let o be r*(7 + -2) - -10. Suppose -27 = -2*h + o*g, -2*g = -3*g - 1. List the prime factors of h.
11
Let z(v) = 80*v**2 - v**3 + 58*v**2 - 11*v + 246 + 32*v - 172*v**2. What are the prime factors of z(-35)?
2, 23
Let i be (4 - 0 - (8 - 6))*1. Suppose -g - 724 = -i*p, p - g + 1076 = 4*p. List the prime factors of p.
2, 3, 5
Suppose -528 = -2*i - 2*q, 3*i - q - 565 - 239 = 0. Suppose -1154 = -a + i. What are the prime factors of a?
7, 29
Suppose 0 = -2*k + 2*s + 664, k + 2*s = -s + 328. Suppose 321*d = k*d - 5060. What are the prime factors of d?
2, 11, 23
Let j = -3413 + 5901. Let o = -1457 + j. What are the prime factors of o?
1031
Suppose -12 + 0 = -g + 4*b, 21 = -2*g - b. Let s = 19 + -29. What are the prime factors of (g/s)/(4208/600 - 7)?
2, 3, 5
Let t be (7 + (-5384)/(-12))/((-2)/(-6)). Suppose -4*d + t = -281. List the prime factors of d.
2, 103
Suppose 4*w - 41*j = -46*j + 95121, j - 95149 = -4*w. What are the prime factors of w?
23789
Let o be 661 - (3 - 2) - (-24)/(-12). Let x = o - 469. What are the prime factors of x?
3, 7
Let i(j) = j**3 + j**2 - 2*j + 4. Let n be i(0). Suppose n*z + 76 = -380. What are the prime factors of (z/8)/(1/(-4))?
3, 19
Let z = 46566 - 28078. What are the prime factors of z?
2, 2311
Suppose 311752 - 40687 = 17*b. What are the prime factors of b?
3, 5, 1063
Let z = 86 - 86. Suppose z = 7*r - 4*r - 3. Let d(p) = 122*p - 6. List the prime factors of d(r).
2, 29
Let p = -14621 + 26845. What are the prime factors of p?
2, 191
Let r(p) = -2*p**3 + 17*p**2 + 7*p + 19. Let o be r(9). What are the prime factors of (14337/(-108))/((-1)/4*o)?
3, 59
Let i = 1688 - -956. What are the prime factors of i?
2, 661
Suppose 332 = 3*k - 4*f, k + 3*k - 5*f - 444 = 0. Suppose 3*x = 15, 213 = -l - l - x. Let p = k + l. List the prime factors of p.
7
Let u(d) = -4*d**3 - 12*d**2 - 17*d - 11. Let j(g) = -g**3 - g**2 - g. Let x(r) = 3*j(r) - u(r). What are the prime factors of x(-7)?
11
Let l be (-3*(3 + 31))/(-2). Let p = 709 - l. Suppose -p + 3011 = 13*i. What are the prime factors of i?
181
Suppose 55433 - 332921 = -36*m. What are the prime factors of m?
2, 41, 47
Suppose -2*y + 14 = 5*y. Suppose -5*s = 5*c - 1660, s - y*s = 5*c - 1676. What are the prime factors of c?
2, 3, 7
Let c(r) = 57*r**2 + 6*r + 17. Suppose -4*d - 3 = -y - 9, 0 = 2*y + 5*d - 1. What are the prime factors of c(y)?
233
Suppose -2*s + 5*j = -4 - 2, -s = 4*j - 3. Suppose -34 = -3*w - 19. What are the prime factors of 4455/75 + (9/w)/s?
2, 3, 5
Let v(l) = 731*l**2 + 86*l + 169. What are the prime factors of v(-2)?
23, 127
Let r = 12872 - -21036. What are the prime factors of r?
2, 7, 173
Suppose 0 = -6*o + 58 - 28. Suppose 269 - 1554 = -o*l. What are the prime factors of l?
257
Suppose 8*v + 69 = 6*v + 5*m, -30 = v + 2*m. Let g = v - -12. Let y(o) = -o + 37. What are the prime factors of y(g)?
3, 19
Suppose 7006583 = 117*b + 146*b. List the prime factors of b.
26641
Let j = 101 + -98. Suppose 0 = p + j - 2. List the prime factors of 6*(p/(-3) + -1) - -184.
2, 3, 5
Suppose 7*q - 31 = -a + 2*q, 0 = 5*q - 25. Let g = -77 + a. Let d = 98 + g. List the prime factors of d.
3
Suppose -o + 2 = -2. Let d(j) = 108*j - 104*j - 1 - 11*j**2 + 3*j**3 - o*j**3. List the prime factors of d(-12).
5, 19
Suppose -3 - 5 = 8*i. Let g be (-1)/((-4)/(285 + i)). Suppose 0 = 7*o - g - 132. List the prime factors of o.
29
Let h(y) = -1309*y - 2817. List the prime factors of h(-31).
2, 79, 239
Let l = 5324 - 4640. What are the prime factors of l?
2, 3, 19
Suppose -59*r + 38*r = -160335. What are the prime factors of r?
3, 5, 509
Let g be 39/13 + (-168)/(-4). List the prime factors of (7 + g/(-6))*-2344.
2, 293
Suppose 3*r + m - 5 = -0*m, -3*r + 11 = -5*m. Suppose t - 3*t = 4*d - 1024, -t = r. Suppose 0 = -3*z + d - 53. List the prime factors of z.
2, 17
Suppose -19446*k + 19444*k + 2284 = 0. List the prime factors of k.
2, 571
Let n(o) = 51*o - 31 - 71 - 43*o. What are the prime factors of n(29)?
2, 5, 13
Let g(w) = -1584*w + 1967. What are the prime factors of g(-17)?
5, 5779
Let s = -8798 + 14089. What are the prime factors of s?
11, 13, 37
Suppose -209*j = -195*j - 196. Suppose j*m - 2380 = -588. List the prime factors of m.
2
Suppose 32*v - 4 = 30*v + 2*d, -5*v + d = -18. Suppose 2*s + v = 0, -5*s = 2*c - 8*s - 66. List the prime factors of c.
2, 3, 5
Suppose -318823 = -17*a - 57312. What are the prime factors of a?
15383
Let o(x) = x**2 + 8*x + 4. Let k be o(-7). Let t be -5*(132/(-20) - k). Let d = t + -8. List the prime factors of d.
2, 5
Suppose 5*f - 7*s + 12*s - 22165 = 0, 0 = -10*f + 5*s + 44285. What are the prime factors of f?
2, 5, 443
Let m(w) be the second derivative of -2*w**5/5 + w**4/6 + w**2 + 4*w - 19. List the prime factors of m(-4).
2, 3, 7, 13
Let z = 14 - 23. Let i(m) = -7 - 18 + 7*m**2 - 11*m + 18*m - 4*m**2. What are the prime factors of i(z)?
5, 31
Suppose -2*c + 32808 + 12309 = 5977. List the prime factors of c.
2, 5, 19, 103
Suppose 19075 = i - 6*m + m, 4*m = 2*i - 38174. What are the prime factors of i?
3, 5, 19, 67
Suppose 0 = -17*b + 59*b - 1463364. List the prime factors of b.
2, 3, 5807
Suppose -7*i + 100708 + 13390 - 17911 = 0. What are the prime factors of i?
7, 13, 151
Suppose 9*o - 14*o + 24730 = 4*w, -2*o = 2*w - 9892. What are the prime factors of o?
2, 2473
Suppose -2*c - 19 = 5*j, -c - 16 = 2*c + 5*j. Suppose -c*b + 3 = 12. What are the prime factors of (b/((-15)/(-95)))/(-1)?
19
Let p = 35834 + -13386. What are the prime factors of p?
2, 23, 61
Let f(u) = -2399*u + 471. List the prime factors of f(-3).
2, 3, 71
Suppose -a = -g - 5781, -a - 4*g + 0*g + 5751 = 0. List the prime factors of a.
3, 5, 7, 11
Suppose -13 + 23 = -i. List the prime factors of 4688/40 - 8/i.
2, 59
Let t(b) = -5*b + 19. Let p be t(5). List the prime factors of (8/p)/(5/(-4860)*6).
2, 3
Suppose -6 = -5*j - 1. Suppose 152*u + 13783 + 1868 = 11*u. List the prime factors of (1 + j)*u/(-6).
37
Suppose 5*q - 5802 - 1778 = -5*s, -12 = 4*s. Let b = q + -828. What are the prime factors of b?
691
Let d = 68 - 63. Suppose -d + 17 = -4*k. Let i = k + 35. What are the prime factors of i?
2
List the prime factors of ((-8316)/220 + 39)*(-15040)/(-3).
2, 47
Suppose -3663645 - 1808465 = -70*m. List the prime factors of m.
78173
Let v(i) = -7*i**3 - 4*i**2 - 8*i - 7. Let a(o) be the second derivative of -o**3/6 - 6*o**2 + o. Let p be a(-9). List the prime factors of v(p).
2, 5, 17